2*l**2 - 12*l - 234. Let z be s(-32). Calculate the highest common factor of z and i.
30
Suppose 0 = -o - 3 + 7. Suppose -66 + 6 = -6*v. Let u be (-350 + v)*o/(-10). What is the highest common factor of u and 34?
34
Let a be -108*((-60)/(-9))/(-5). Let x = a + -45. What is the greatest common divisor of x and 9?
9
Let l(w) = -2*w**2 - 49*w + 129. Let y be l(-24). What is the greatest common factor of y and 9?
9
Suppose 2*z + 85 = 4*n + 19, 5 = 5*z. Let d(u) = 6*u**2 - 4*u - 5. Let p be d(6). What is the highest common divisor of n and p?
17
Let b be 91/(-3) - (-2)/6. Let v = 46 + b. Suppose 2*p = 30 + 322. Calculate the highest common divisor of p and v.
16
Suppose -30*l = -4*p - 34*l + 6100, -p + 3*l + 1529 = 0. Calculate the greatest common divisor of 7 and p.
7
Suppose 5*a - 17*n + 19*n - 259 = 0, 0 = -3*a - n + 155. Calculate the highest common factor of a and 9.
3
Let j(z) = z**2 + 18*z + 40. Let i be j(-21). Suppose 107 + i = 3*o. Calculate the greatest common factor of 10 and o.
10
Suppose 0 = -4*w + 67 + 45. What is the highest common divisor of 7 and w?
7
Suppose 0 = -13*k - 81*k + 658. Calculate the greatest common factor of 3136 and k.
7
Let q be 900/105 + 12/(-21). Calculate the highest common divisor of 1 and q.
1
Let h = 141 - 109. What is the greatest common factor of 2 and h?
2
Let w = 0 - -1. Let r(f) = 25*f**2 + 3*f + 1. Let b be r(-1). Let i = b - w. Calculate the greatest common factor of i and 22.
22
Let i(x) = -10*x**3 + 9*x**2 - 3*x - 15. Let f be i(7). Let g be (-1)/(2/3 + f/4488). Calculate the greatest common divisor of g and 17.
17
Let g be ((-906)/(-24))/((-1)/(-4)). Suppose -i = -5*q - 128, -i - 8 = -2*q - g. Calculate the greatest common divisor of i and 17.
17
Suppose 50*i - 132 = 39*i. What is the highest common factor of 48 and i?
12
Let r = 27 + -25. Suppose 2*d - 2 = -r*p + 8, -d + 1 = 0. Suppose -2*w - 4*i + 44 = -w, -p*w + 131 = i. Calculate the highest common factor of w and 48.
16
Let q be (132/(-77))/(4/(-14)). Suppose q*p - p = 30. Suppose -p*g - 1 = -265. What is the greatest common factor of 11 and g?
11
Suppose 12 = -3*a - a, 2*a = -4*v + 1074. Calculate the greatest common divisor of v and 18.
18
Suppose l + 4 = -3*l. Let g be 14*(-1)/(2/l). Suppose g*p + 20 = 12*p. What is the greatest common divisor of p and 16?
4
Let p = 0 - -30. Suppose 0 = -7*c + 5*c + 5*h + 380, 4*c = 2*h + 824. What is the greatest common factor of c and p?
30
Let h(f) = 2*f - 27. Let n be h(6). Let k be 9/n*(-125)/5. Let a(b) = b**2 + 5*b - 3. Let q be a(-6). Calculate the highest common divisor of q and k.
3
Let y(w) = -w - 2. Let u be y(9). Let v = 65 + u. Suppose 6*o - v = 54. What is the greatest common divisor of 9 and o?
9
Let o be 477*(-4)/8*-2. What is the greatest common divisor of o and 53?
53
Suppose 0 = -25*y - 262 + 2012. Suppose 0 = -0*z - z - 3*k + 40, 0 = -5*z + 4*k + 124. Calculate the greatest common factor of z and y.
14
Let j be -1*(-13)/(156/(-8))*-372. Calculate the highest common factor of j and 16.
8
Let o be 0*(9/(-6))/3. Suppose -3*r - l = -41, 2*r - 32 = 4*l - o. Calculate the highest common factor of r and 112.
14
Let h = -199 + 223. What is the greatest common divisor of h and 15?
3
Suppose -225 = -17*c - 38. Calculate the highest common factor of c and 583.
11
Let i(u) = 2*u**3 - u. Let h be i(2). Suppose 2*v = 6*b - 5*b - 98, 0 = 3*b - 3*v - 294. What is the highest common divisor of h and b?
14
Suppose -156*t = -162*t + 2544. Calculate the highest common divisor of t and 159.
53
Suppose 409*v = 358*v + 1428. Let u be 0 - (-2)/1*4. What is the greatest common factor of v and u?
4
Let x(c) = -c**3 - c**2 + c + 35. Let v be x(0). Suppose 73 = 3*k - v. Let z be ((-34)/(-2) - -3) + -2. What is the greatest common factor of k and z?
18
Let l = -21 + 105. Suppose -5*c - 30 = -10. Let y be ((-7)/4)/(c/48). What is the highest common factor of l and y?
21
Suppose 59*j + 1716 = 72*j. What is the highest common factor of 6 and j?
6
Let k be (117/36 + (1 - -1))*(-2920)/(-219). Let d(g) = 27*g**2 + 1. Let u be d(-1). Calculate the greatest common divisor of k and u.
14
Suppose 2*y - 5 = -11, -67 = m - 3*y. Let o be (((-84)/8)/(-7))/((-6)/m). What is the greatest common divisor of o and 209?
19
Let k(v) = -8*v**2 - 17*v + 21. Let g be k(7). Let c = 699 + g. Calculate the highest common divisor of 19 and c.
19
Let t be 3/(27/1764) + -2 + 4. Calculate the highest common divisor of t and 18.
18
Let g be 0/(13 - 11) - -203. What is the highest common divisor of g and 87?
29
Let q(g) = -4*g + 24. Let w be q(6). Let o be (w - 12/5)/((-15)/250). What is the greatest common factor of o and 30?
10
Suppose -90*d = -17*d - 1752. Calculate the greatest common factor of d and 708.
12
Let p = 939 + -638. Calculate the highest common factor of 43 and p.
43
Let s(o) = o**2 + 14*o + 39. Let y be s(-6). Let a be (651/(-4))/7*24/y. Calculate the highest common factor of a and 155.
31
Let a = 77 - 45. Suppose -5*f - t = -43, 5*f - t - 4*t = 25. Suppose -f*h = -5*h - 12. What is the highest common factor of h and a?
4
Suppose -3*j - 92 = -2*f - 7*j, 5*j - 138 = -3*f. Suppose -v + 3*z + 32 = z, -5*z + f = 2*v. What is the highest common divisor of v and 252?
28
Let y = -23 - -30. Suppose -y*f - 66 = -8*f. What is the greatest common divisor of f and 6?
6
Let h(o) = o**3 + 5*o**2 + 2*o - 5. Let u be h(-4). Let v(t) = -t**2 - 9*t + 4. Let z be v(-8). Calculate the greatest common divisor of u and z.
3
Suppose 55 + 33 = 8*g. Let i = 167 - 2. Suppose t = 4*t - i. What is the greatest common factor of g and t?
11
Suppose 2*k = -5*z + 84, -2*k - 2 + 86 = -4*z. Calculate the greatest common divisor of k and 140.
14
Let c = -167 + 272. What is the highest common factor of c and 175?
35
Let w be ((-4)/3)/((-4)/1920). Calculate the highest common divisor of 40 and w.
40
Let l(y) = y + 6. Let j be l(2). Suppose 5*r - 40 = a, r + j = 2*r - 4*a. What is the highest common factor of r and 32?
8
Suppose -34 = 3*d - 5*d. Suppose 5*x = -10, -3*b + x + d = -3*x. Calculate the greatest common divisor of b and 18.
3
Let t = 276 - 105. Calculate the greatest common factor of t and 57.
57
Suppose 4*i = n - 14, -4*n = 3*i - 16 + 36. Let m be n - (0 - (-13)/(-1)). What is the greatest common factor of 22 and m?
11
Suppose 2*y + 4*g = -y + 4, -2 = -2*g. Let k(f) = -f**2 + f + 108. Let a be k(y). Let z = -8 - -20. Calculate the highest common factor of a and z.
12
Let y(n) = -8*n - 38. Let u = 59 - 66. Let b be y(u). What is the greatest common divisor of 144 and b?
18
Let t be 2904/60 + (-9)/(-15). What is the greatest common divisor of t and 98?
49
Let t be -1*(-81 + 0/(-1)). Let a(m) be the second derivative of -m**3 - 9*m**2/2 - 8*m. Let i be a(-6). Calculate the highest common factor of t and i.
27
Suppose 0*f = 16*f - 80. Suppose 111 = f*c - 89. What is the greatest common divisor of 200 and c?
40
Suppose 228 = 5*n - 3*f, 3*n - 5*f = 8*n - 220. Calculate the highest common divisor of n and 5.
5
Let h be (-6)/14 + (-274)/14. Let d be 70/(-4)*16/h. Let r be (-18)/42 + 636/d. What is the highest common divisor of r and 30?
15
Suppose -5*x + 2086 = 3*k, -3*k - 6*x + 4*x = -2098. What is the highest common divisor of 18 and k?
18
Suppose c - 61 = -b, 0 = -5*b - 3*c - 80 + 383. Let g = -42 + b. What is the highest common factor of 27 and g?
9
Let t be (98/147)/((-2)/(-3)). What is the greatest common divisor of 23 and t?
1
Let w = -18 - -66. Calculate the highest common divisor of w and 72.
24
Suppose 52*u - 57*u = -3150. What is the greatest common factor of 180 and u?
90
Let o = -124 - -138. Let x(y) = y**3 - y**2 + 98. Let c be x(0). What is the highest common divisor of o and c?
14
Let t be (-4)/((-16)/(-12)) - -4. Let u be t + -1 - 21/(-3). What is the greatest common divisor of u and 21?
7
Let q = -46 + 116. Let t be (5 - (-11)/(22/(-12)))*-10. What is the highest common divisor of t and q?
10
Suppose -3*q - 4*x + x = -144, 4*q - 5*x = 192. Calculate the highest common factor of 48 and q.
48
Let b be 54 - -4 - (3 + -2). Suppose -b = -d - 9. Calculate the highest common divisor of 16 and d.
16
Let i be (7/(-4))/((-1)/56). Let h(l) = 58*l + 223. Let w be h(-3). What is the highest common factor of w and i?
49
Suppose 0 = -3*n - 3*v - 3, 3*n + 4*